
-1259
In base 15, what is -14 - 1d3?
-1e7
In base 12, what is -1 + -46?
-47
In base 12, what is -2 + 136a?
1368
In base 5, what is 133 + 120?
303
In base 5, what is -2 - 1?
-3
In base 14, what is -57 + -2?
-59
In base 12, what is -16 + 3b?
25
In base 6, what is -4 - 313?
-321
In base 11, what is 26 - -9?
34
In base 15, what is -61 + -8b?
-ec
In base 12, what is -20 - -1a?
-2
In base 11, what is 76 - -2?
78
In base 6, what is 15 + -235?
-220
In base 10, what is 6278 + 4?
6282
In base 14, what is 0 + -39?
-39
In base 2, what is 10100 + -11000?
-100
In base 5, what is 21 + 10344?
10420
In base 11, what is -1aa + -8?
-207
In base 16, what is 2 + -97?
-95
In base 15, what is 70d - -4?
712
In base 2, what is 1000 + -10101?
-1101
In base 14, what is -3452 - -2?
-3450
In base 8, what is -5 + -4?
-11
In base 16, what is 0 - 31?
-31
In base 13, what is 3 - -21a?
220
In base 8, what is 5626 - 4?
5622
In base 11, what is 1438 - 5?
1433
In base 4, what is 201 - 103?
32
In base 11, what is -4a + 8?
-42
In base 7, what is -66 + -5?
-104
In base 11, what is 1 + 35?
36
In base 13, what is -5 - -6a?
65
In base 11, what is -1 + -736?
-737
In base 15, what is -a - -e9?
de
In base 14, what is -11 + 7?
-8
In base 2, what is 10111000001 + 100?
10111000101
In base 7, what is 25551 + 1?
25552
In base 9, what is -2 - 1467?
-1470
In base 8, what is 0 + 1163?
1163
In base 14, what is 5 + 18?
1d
In base 6, what is -4515 + -3?
-4522
In base 9, what is 21 + -7?
13
In base 10, what is 13 - 1081?
-1068
In base 10, what is -246 + -4?
-250
In base 12, what is 10bb - -1?
1100
In base 15, what is -7c - 4?
-81
In base 16, what is 136 - 3?
133
In base 14, what is 8 - 860?
-856
In base 9, what is -158 - -2?
-156
In base 6, what is -30150 - 5?
-30155
In base 16, what is -194 + 7?
-18d
In base 10, what is 5 + 27?
32
In base 4, what is 121 + 12110?
12231
In base 13, what is -1 - -6a?
69
In base 10, what is -2 + 97?
95
In base 7, what is -12505 + -5?
-12513
In base 13, what is b - -388?
396
In base 6, what is 453 - 4?
445
In base 5, what is 30 - 3?
22
In base 5, what is 1400 + 1?
1401
In base 14, what is 0 + 91?
91
In base 13, what is 11a + -3?
117
In base 10, what is 4 + -128?
-124
In base 3, what is 2 - -1220?
1222
In base 11, what is 1 - 387?
-386
In base 16, what is -45d - -2?
-45b
In base 5, what is 332202 - -3?
332210
In base 8, what is -1056 + 14?
-1042
In base 14, what is 15 - -1?
16
In base 8, what is 3 - 447?
-444
In base 7, what is -105 - 6?
-114
In base 4, what is 2021 - 11?
2010
In base 12, what is 4 + -54?
-50
In base 14, what is -326 + -4?
-32a
In base 2, what is 10 - -1001110?
1010000
In base 3, what is -2 - 112100?
-112102
In base 10, what is -974 + -5?
-979
In base 5, what is -10 - -14102?
14042
In base 9, what is 112 - -3?
115
In base 10, what is -3 + -58?
-61
In base 6, what is 33 + 530?
1003
In base 10, what is -61 - -1?
-60
In base 3, what is -1200 + 10010?
1110
In base 3, what is -10222 + 10?
-10212
In base 6, what is -45150 - -3?
-45143
In base 8, what is 216 - -2?
220
In base 2, what is -1 + 1100101010?
1100101001
In base 15, what is -5 + -4a?
-50
In base 8, what is 361 + -1?
360
In base 12, what is 26 + 7?
31
In base 4, what is 0 + 12011?
12011
In base 2, what is 11 - 100111110?
-100111011
In base 3, what is 2 + -20201?
-20122
In base 14, what is -21 + -9?
-2a
In base 8, what is -20 + -1?
-21
In base 3, what is -1010 + -10001?
-11011
In base 12, what is -a - -326?
318
In base 10, what is -4328 - 2?
-4330
In base 4, what is -12 + -303?
-321
In base 11, what is -1 + -68a?
-690
In base 14, what is -1 + -9?
-a
In base 4, what is 2000 - -2?
2002
In base 12, what is -8 + 1?
-7
In base 3, what is -2 + 102211?
102202
In base 13, what is 32c - 1?
32b
In base 4, what is 330 + -112?
212
In base 8, what is 14 + 2464?
2500
In base 8, what is 13 - 4?
7
In base 4, what is -3 + 211301?
211232
In base 2, what is 110101100 - -100?
110110000
In base 13, what is -4 + 1a1?
19a
In base 5, what is 1223 + 0?
1223
In base 12, what is 2227 + 2?
2229
In base 7, what is 2 + -153?
-151
In base 16, what is 94 + 8?
9c
In base 13, what is 11c - -2?
121
In base 14, what is -ab - 1?
-ac
In base 16, what is -132 - 1d?
-14f
In base 10, what is 333 + -6?
327
In base 4, what is 10 + 121123?
121133
In base 8, what is -37 + -5?
-44
In base 6, what is -2053 + -1?
-2054
In base 7, what is 31612 + 4?
31616
In base 11, what is 0 - 14?
-14
In base 3, what is 20 + -1021?
-1001
In base 10, what is 198 - -15?
213
In base 5, what is 0 + 21?
21
In base 16, what is 128f + 5?
1294
In base 2, what is 10 + 11111010?
11111100
In base 10, what is -67 - 6?
-73
In base 10, what is -55619 - 3?
-55622
In base 2, what is 100 + -11000100?
-11000000
In base 2, what is 11000 + 0?
11000
In base 5, what is -4430 + 2?
-4423
In base 16, what is -bf + 35?
-8a
In base 15, what is -7 - -7?
0
In base 2, what is 101000010 - -111?
101001001
In base 15, what is -a5 - -4?
-a1
In base 7, what is -5 - -3003?
2665
In base 11, what is -9 - -113?
105
In base 6, what is -21 + 21?
0
In base 16, what is d - 9e?
-91
In base 13, what is -b + -1b?
-29
In base 4, what is 1 - -32?
33
In base 12, what is -5 - -161?
158
In base 11, what is -45 + 128?
93
In base 10, what is -291 + -3?
-294
In base 4, what is 321 - 1?
320
In base 3, what is 0 + -111?
-111
In base 11, what is 22 + 7?
29
In base 9, what is -5 + 47?
42
In base 15, what is 40 - -1a?
5a
In base 9, what is -2 - 725?
-727
In base 13, what is 0 + -72?
-72
In base 6, what is 242 - 310?
-24
In base 15, what is -4c - -1?
-4b
In base 7, what is -4 - -202?
165
In base 9, what is -10146 + -5?
-10152
In base 3, what is -11 + 2112?
2101
In base 3, what is -200102 + -10?
-200112
In base 9, what is -413 - -3?
-410
In base 9, what is -32 + 3?
-28
In base 2, what is -11111 - -1?
-11110
In base 14, what is 0 + 7c?
7c
In base 2, what is -101 - -110011010?
110010101
In base 2, what is -11 + -110110000?
-110110011
In base 15, what is -22d3 + -3?
-22d6
In base 12, what is 8b - 2?
89
In base 3, what is 21101111 - 1?
21101110
In base 5, what is 1 + -1104?
-1103
In base 10, what is 3419 - 4?
3415
In base 7, what is 2 + -1?
1
In base 5, what is 13 - -1024?
1042
In base 7, what is 3 + 40?
43
In base 14, what is -3009 - 1?
-300a
In base 14, what is -11 - 29?
-3a
In base 11, what is 20 - -65?
85
In base 4, what is 11 + -3103?
-3032
In base 10, what is 0 + 7526?
7526
In base 4, what is -10 + 123?
113
In base 7, what is 21 - -4?
25
In base 6, what is 1 + -14524?
-14523
In base 12, what is -26b7 + -2?
-26b9
In base 9, what is -46 + 86?
40
In base 11, what is -18 + 1a?
2
In base 8, what is -2262 + 1?
-2261
In base 2, what is 1000100101 - -10000?
1000110101
In base 8, what is 1 + -63?
-62
In base 5, what is 3 - -342?
400
In base 8, what is 1006 + -4?
1002
In base 13, what is 33 + -52?
-1c
In base 4, what is 131 - 320?
-123
In base 11, what is -2 + 125?
123
In base 9, what is 1076 + -4?
1072
In base 11, what is 1 - -48?
49
In base 5, what is 10 - 2232?
-2222
In base 2, what is -11101000 + 1?
-11100111
In base 10, what is 27 + 6?
33
In base 2, what is -111 - 10000011010?
-10000100001
In base 3, what is 2220 + -2001?
212
In base 13, what is 3 - -1520?
1523
In base 2, what is -101 - 10010110?
-10011011
In base 4, what is -131001 + -2?
-131003
In base 7, what is 51 + -16?
32
In base 16, what is 4 + -51?
-4d
In base 8, what is -1512 - 5?
-1517
In base 13, what is 423 - -15?
438
In base 2, what is -1000 + -10010?
-11010
In base 12, what is -118 - b5?
-211
In base 6, what is 32 - -2531?
3003
In base 6, what is -41 + -424?
-505
In base 13, what is 3 - 6c?
-69
In base 5, what is 1430 + 4?
1434
In base 15, what is -58 - 116?
-16e
In base 7, what is 15 - 3?
12
In base 6, what is -55 + 10?
-45
In base 13, what is -8 + 50?
45
In base 15, what is -c - 35?
-42
In base 11, what is 418 + 4?
421
In base 5, what is -14 - 140?
-204
In base 6, what is -4 + -30?
-34
In base 4, what is -12 + -110021?
-110033
In base 15, what is -c + 33b?
32e
In base 16, what is 3c + -1?
3b
In base 6, what is -114 + 1?
-113
In base 14, what is -111 - -10?
-101
In base 7, what is -2 + 312?
310
In base 12, what is 6 + -37?
-31
In base 8, what is 54 - -1?
55
In base 10, what is -81 + 333?
252
In base 8, what is 2 - 1370?
-1366
In base 11, what is -283a - -6?
-